 base 2?
11101011
What is -110 (base 8) in base 12?
-60
-23 (base 12) to base 14
-1d
What is -1 (base 14) in base 15?
-1
-6 (base 7) to base 12
-6
What is -23 (base 11) in base 9?
-27
12 (base 3) to base 6
5
What is 3 (base 15) in base 6?
3
What is 13 (base 11) in base 7?
20
Convert 101 (base 2) to base 8.
5
Convert -5 (base 6) to base 12.
-5
Convert 10010100 (base 2) to base 13.
b5
Convert -27 (base 10) to base 13.
-21
1 (base 14) to base 13
1
Convert -3d (base 15) to base 2.
-111010
Convert 2c (base 16) to base 13.
35
-11 (base 11) to base 8
-14
421 (base 8) to base 5
2043
What is 10 (base 4) in base 8?
4
What is 650 (base 7) in base 15?
16e
1 (base 15) to base 10
1
322 (base 6) to base 12
a2
Convert -6 (base 16) to base 12.
-6
Convert -3 (base 8) to base 6.
-3
Convert 226 (base 9) to base 10.
186
What is -6 (base 9) in base 3?
-20
-67 (base 10) to base 8
-103
10 (base 11) to base 15
b
What is -121 (base 3) in base 5?
-31
What is 1a (base 16) in base 14?
1c
Convert -198 (base 10) to base 8.
-306
What is 105 (base 9) in base 14?
62
-3b (base 12) to base 8
-57
Convert -1 (base 9) to base 10.
-1
What is 18 (base 16) in base 3?
220
3 (base 6) to base 5
3
What is 22 (base 5) in base 14?
c
What is -10b (base 13) in base 15?
-c0
0 (base 10) to base 14
0
-1023 (base 5) to base 13
-a8
What is 11 (base 6) in base 10?
7
Convert 21 (base 8) to base 14.
13
What is -14 (base 8) in base 12?
-10
What is -2 (base 5) in base 6?
-2
Convert 15 (base 16) to base 13.
18
What is 24 (base 5) in base 2?
1110
What is -2 (base 8) in base 4?
-2
What is 5 (base 11) in base 2?
101
Convert -44 (base 5) to base 11.
-22
Convert 6 (base 11) to base 16.
6
What is -1 (base 12) in base 9?
-1
What is -21 (base 5) in base 15?
-b
What is -17 (base 16) in base 8?
-27
What is 223 (base 6) in base 12?
73
Convert -2 (base 8) to base 10.
-2
What is -134 (base 5) in base 3?
-1122
What is -101 (base 2) in base 16?
-5
Convert 11 (base 5) to base 11.
6
Convert -1 (base 3) to base 6.
-1
What is -430 (base 6) in base 4?
-2202
-5 (base 7) to base 9
-5
6 (base 7) to base 15
6
Convert -6 (base 15) to base 7.
-6
9 (base 16) to base 3
100
-101011101 (base 2) to base 4
-11131
111 (base 5) to base 7
43
What is 625 (base 7) in base 2?
100111001
14 (base 9) to base 3
111
Convert 125 (base 12) to base 3.
20102
Convert -87 (base 13) to base 5.
-421
-1 (base 3) to base 16
-1
What is 19 (base 15) in base 5?
44
30 (base 8) to base 12
20
Convert -3 (base 4) to base 10.
-3
1 (base 11) to base 4
1
What is 30 (base 6) in base 5?
33
Convert -3 (base 16) to base 11.
-3
What is -123 (base 7) in base 2?
-1000010
-80 (base 9) to base 8
-110
What is 15 (base 10) in base 15?
10
What is 1c (base 14) in base 13?
20
What is -24 (base 5) in base 7?
-20
What is -14 (base 15) in base 7?
-25
Convert 3 (base 5) to base 12.
3
What is -b6 (base 13) in base 7?
-302
45 (base 6) to base 15
1e
What is 323 (base 6) in base 16?
7b
6 (base 16) to base 12
6
d (base 14) to base 10
13
7 (base 9) to base 8
7
Convert -a (base 11) to base 4.
-22
What is 2 (base 7) in base 4?
2
-6 (base 7) to base 11
-6
Convert 12 (base 8) to base 2.
1010
Convert -27 (base 14) to base 15.
-25
Convert 104 (base 5) to base 16.
1d
What is 21 (base 9) in base 11?
18
Convert -153 (base 14) to base 6.
-1125
1100 (base 2) to base 15
c
-13 (base 10) to base 13
-10
What is -12 (base 3) in base 14?
-5
What is 0 (base 8) in base 16?
0
Convert -42 (base 6) to base 5.
-101
Convert -31 (base 6) to base 7.
-25
Convert -37 (base 9) to base 16.
-22
Convert -8 (base 10) to base 12.
-8
-4 (base 13) to base 2
-100
What is -5 (base 14) in base 5?
-10
-1 (base 15) to base 9
-1
Convert -365 (base 8) to base 11.
-203
5 (base 14) to base 8
5
What is 3 (base 11) in base 3?
10
Convert -2 (base 9) to base 4.
-2
Convert 40 (base 12) to base 8.
60
Convert -28 (base 10) to base 6.
-44
Convert -2 (base 4) to base 16.
-2
Convert 11 (base 11) to base 6.
20
22 (base 9) to base 3
202
0 (base 16) to base 11
0
-10 (base 3) to base 15
-3
Convert 5 (base 14) to base 5.
10
17b (base 15) to base 8
525
What is 4 (base 9) in base 15?
4
What is -93 (base 16) in base 7?
-300
Convert -1111001 (base 2) to base 11.
-100
What is -3 (base 11) in base 9?
-3
170 (base 8) to base 12
a0
What is 131 (base 5) in base 13?
32
What is -1111011 (base 2) in base 5?
-443
Convert -71 (base 16) to base 8.
-161
Convert 1 (base 16) to base 7.
1
Convert -10 (base 8) to base 10.
-8
2230 (base 5) to base 11
267
What is 1112 (base 3) in base 10?
41
What is -33 (base 5) in base 2?
-10010
250 (base 8) to base 6
440
Convert 3 (base 10) to base 11.
3
-1110011 (base 2) to base 3
-11021
-21 (base 7) to base 12
-13
Convert -5 (base 8) to base 16.
-5
-11 (base 2) to base 4
-3
Convert -11 (base 13) to base 4.
-32
What is 311 (base 4) in base 5?
203
What is 2 (base 15) in base 14?
2
What is -26 (base 8) in base 6?
-34
Convert -5 (base 11) to base 13.
-5
What is 22 (base 4) in base 13?
a
What is 1 (base 6) in base 2?
1
Convert 20 (base 6) to base 15.
c
1 (base 6) to base 4
1
What is 2023 (base 4) in base 8?
213
What is -4 (base 13) in base 7?
-4
-20 (base 9) to base 2
-10010
What is -152 (base 6) in base 10?
-68
Convert -25 (base 7) to base 15.
-14
Convert 19 (base 16) to base 13.
1c
What is 4 (base 13) in base 9?
4
What is -5 (base 8) in base 14?
-5
Convert -1 (base 15) to base 4.
-1
-41 (base 6) to base 3
-221
Convert -3 (base 10) to base 14.
-3
e (base 15) to base 3
112
What is -214 (base 8) in base 7?
-260
What is 4 (base 6) in base 12?
4
-10 (base 12) to base 2
-1100
1 (base 3) to base 10
1
What is 0 (base 7) in base 9?
0
Convert 4 (base 10) to base 13.
4
What is -35 (base 9) in base 3?
-1012
4 (base 16) to base 15
4
What is 373 (base 8) in base 9?
308
What is 0 (base 4) in base 6?
0
-1 (base 13) to base 14
-1
Convert 30 (base 16) to base 7.
66
-1 (base 3) to base 13
-1
60 (base 10) to base 13
48
What is -31 (base 4) in base 15?
-d
What is 3 (base 8) in base 11?
3
Convert -20222 (base 3) to base 5.
-1223
What is -72 (base 8) in base 4?
-322
Convert 8 (base 13) to base 10.
8
Convert -3 (base 13) to base 7.
-3
What is 3 (base 8) in base 12?
3
-2 (base 15) to base 12
-2
What is -117 (base 10) in base 8?
-165
4 (base 15) to base 5
4
What is -4 (base 16) in base 15?
-4
5 (base 7) to base 13
5
What is -4 (base 7) in base 6?
-4
Convert -4 (base 16) to base 10.
-4
What is 81 (base 10) in base 15?
56
Convert 6 (base 8) to base 15.
6
What is 13 (base 5) in base 16?
8
-15 (base 6) to base 10
-11
12 (base 3) to base 9
5
What is 22210 (base 3) in base 9?
283
Convert -32 (base 7) to base 4.
-113
What is -24 (base 15) in base 10?
-34
What is -105 (base 7) in base 2?
-110110
What is -10 (base 4) in base 9?
-4
What is 3 (base 12) in base 11?
3
What is -5b (base 16) in base 12?
-77
Convert -3 (base 12) to base 3.
-10
Convert 42 (base 15) to base 8.
76
Convert 133 (base 5) to base 14.
31
Convert 6 (base 10) to base 5.
11
Convert 10 (base 15) to base 5.
30
Convert -57 (base 8) to base 3.
-1202
-1 (base 5) to base 12
-1
111 (base 2) to base 5
12
-1a (base 15) to base 10
-25
Convert 3 (base 15) to base 3.
10
What is -2 (base 15) in base 9?
-2
-15 (base 8) to base 2
-1101
15 (base 6) to base 16
b
Convert 112 (base 8) to base 14.
54
Convert -1 (base 10) to base 6.
-1
Convert -81 (base 9) to base 7.
-133
-2002 (base 3) to base 6
-132
What is -15a (base 12) in base 6?
-554
1 (base 15) to base 16
1
-10100 (base 3) to base 4
-1122
Convert 43 (base 9) to base 15.
29
Convert 1106 (base 7) to base 10.
398
Convert 132 (base 4) to base 16.
1e
10 (base 16) to base 5
31
25 (base 7) to base 12
17
Convert 1 (base 7) to base 2.
1
Convert 13 (base 4) to base 7.
10
What is 14 (base 15) in base 7?
25
Convert -451 (base 6) to base 2.
-10101111
What is 40 (base 5) in base 7?
26
What is -4 (base 13) in base 15?
-4
Convert 0 (base 4) to base 16.
0
50 (base 7) to base 14
27
-b4 (base 16) to base 7
-345
-21 (base 10) to base 9
-23
Convert ce (base 15) to base 10.
194
-61 (base 7) to base 9
-47
-180 (base 11) to base 7
-416
-12 (base 3) to base 11
-5
What is -2 (base 5) in base 12?
-2
Convert -22 (base 7) to base 4.
-100
Convert -48 (base 10) to base 12.
-40
10000100 (base 2) to base 14
96
What is -364 (base 8) in base 6?
-1044
Convert -18 (base 16) to base 13.
-1b
What is 